88 is divided by 391?
368
Calculate the remainder when 248971 is divided by 1251.
22
Calculate the remainder when 9017801 is divided by 5546.
5
What is the remainder when 5529092 is divided by 5054?
16
Calculate the remainder when 109481273 is divided by 58.
9
What is the remainder when 11611213 is divided by 1591?
95
Calculate the remainder when 1919022756 is divided by 31.
27
What is the remainder when 205501 is divided by 68425?
226
Calculate the remainder when 23304 is divided by 300.
204
Calculate the remainder when 753585 is divided by 341.
316
What is the remainder when 3547424 is divided by 236492?
44
What is the remainder when 436753 is divided by 16?
1
Calculate the remainder when 1561621 is divided by 42177.
1072
What is the remainder when 44902 is divided by 13189?
5335
Calculate the remainder when 1931539 is divided by 52.
51
Calculate the remainder when 137391436 is divided by 30.
16
Calculate the remainder when 3607731 is divided by 1803843.
45
Calculate the remainder when 205214 is divided by 4360.
294
What is the remainder when 154358 is divided by 28312?
12798
What is the remainder when 17651 is divided by 2913?
173
What is the remainder when 11175 is divided by 984?
351
Calculate the remainder when 7576605 is divided by 19.
13
What is the remainder when 264904 is divided by 1844?
1212
Calculate the remainder when 4598971 is divided by 383.
290
What is the remainder when 31552406 is divided by 3767?
14
What is the remainder when 411354 is divided by 137116?
6
What is the remainder when 59573 is divided by 55034?
4539
What is the remainder when 19357416 is divided by 778?
776
What is the remainder when 2312487 is divided by 2312479?
8
Calculate the remainder when 58761089 is divided by 349.
308
What is the remainder when 421276 is divided by 4057?
3405
Calculate the remainder when 5674556 is divided by 320.
316
Calculate the remainder when 128284 is divided by 11457.
2257
What is the remainder when 406789 is divided by 562?
463
What is the remainder when 9183095 is divided by 3464?
31
What is the remainder when 124951 is divided by 31?
21
What is the remainder when 15688740 is divided by 1369?
0
What is the remainder when 86162 is divided by 96?
50
What is the remainder when 1396 is divided by 24?
4
Calculate the remainder when 10204 is divided by 2208.
1372
What is the remainder when 5672557 is divided by 17?
14
What is the remainder when 145614 is divided by 137?
120
Calculate the remainder when 232026 is divided by 144.
42
What is the remainder when 274034 is divided by 4109?
2840
Calculate the remainder when 91009 is divided by 369.
235
Calculate the remainder when 2292800 is divided by 44.
4
Calculate the remainder when 15112691 is divided by 5869.
16
What is the remainder when 28113788 is divided by 7028441?
24
What is the remainder when 193430633 is divided by 3579?
3578
Calculate the remainder when 76700 is divided by 76478.
222
What is the remainder when 65216502 is divided by 83?
82
Calculate the remainder when 139905519 is divided by 15764.
19
Calculate the remainder when 29901 is divided by 6580.
3581
What is the remainder when 113707 is divided by 14212?
11
Calculate the remainder when 182388 is divided by 172424.
9964
What is the remainder when 3680288 is divided by 1177?
986
What is the remainder when 219136 is divided by 240?
16
What is the remainder when 47688705 is divided by 228?
225
What is the remainder when 28688031 is divided by 1453?
1452
Calculate the remainder when 149981 is divided by 10600.
1581
Calculate the remainder when 425483 is divided by 212723.
37
Calculate the remainder when 2218577 is divided by 554628.
65
What is the remainder when 17270395 is divided by 579?
562
What is the remainder when 193906 is divided by 64627?
25
Calculate the remainder when 204330745 is divided by 233.
230
What is the remainder when 18497140 is divided by 18?
16
What is the remainder when 2590722 is divided by 3?
0
Calculate the remainder when 205913002 is divided by 22.
20
What is the remainder when 627117 is divided by 69674?
51
What is the remainder when 164256467 is divided by 33?
23
Calculate the remainder when 253968 is divided by 1854.
1824
What is the remainder when 3172408 is divided by 209?
206
What is the remainder when 153975372 is divided by 1049?
5
Calculate the remainder when 316450 is divided by 3904.
226
What is the remainder when 7033709 is divided by 16?
13
What is the remainder when 98310 is divided by 24520?
230
Calculate the remainder when 7503 is divided by 104.
15
Calculate the remainder when 7434708 is divided by 32752.
4
Calculate the remainder when 337967 is divided by 462.
245
What is the remainder when 6315043 is divided by 417?
412
Calculate the remainder when 1738459 is divided by 173.
155
What is the remainder when 61220219 is divided by 61220207?
12
Calculate the remainder when 126592949 is divided by 1095.
1094
What is the remainder when 12663708 is divided by 91?
57
What is the remainder when 5050415 is divided by 3271?
3262
What is the remainder when 242259 is divided by 887?
108
What is the remainder when 810130 is divided by 516?
10
Calculate the remainder when 3235769 is divided by 30.
29
Calculate the remainder when 668070 is divided by 6056.
1910
Calculate the remainder when 66504 is divided by 31913.
2678
Calculate the remainder when 430629 is divided by 418.
89
Calculate the remainder when 339065 is divided by 6881.
1896
What is the remainder when 285258 is divided by 5941?
90
Calculate the remainder when 34321330 is divided by 221.
30
Calculate the remainder when 72044 is divided by 9695.
4179
Calculate the remainder when 6191704 is divided by 367.
47
What is the remainder when 15091073 is divided by 8594?
9
Calculate the remainder when 19401 is divided by 187.
140
Calculate the remainder when 2418133 is divided by 232.
229
What is the remainder when 195151 is divided by 194874?
277
Calculate the remainder when 74801 is divided by 37390.
21
What is the remainder when 24639 is divided by 15?
9
Calculate the remainder when 24559 is divided by 8094.
277
What is the remainder when 4126743 is divided by 2486?
2469
What is the remainder when 403165888 is divided by 2210?
8
Calculate the remainder when 8461 is divided by 5488.
2973
What is the remainder when 239087 is divided by 33911?
1710
What is the remainder when 13696663 is divided by 41?
39
What is the remainder when 146744 is divided by 1226?
850
What is the remainder when 959756 is divided by 169?
5
What is the remainder when 28162753 is divided by 654947?
32
What is the remainder when 5306426 is divided by 790?
786
What is the remainder when 20011291 is divided by 1159?
1156
Calculate the remainder when 3576249 is divided by 68.
61
Calculate the remainder when 287997 is divided by 314.
59
What is the remainder when 4259370 is divided by 139?
132
Calculate the remainder when 295937557 is divided by 307.
302
Calculate the remainder when 76625 is divided by 36493.
3639
Calculate the remainder when 2266766 is divided by 2673.
62
What is the remainder when 23279 is divided by 1740?
659
Calculate the remainder when 578902 is divided by 96483.
4
What is the remainder when 412493 is divided by 7111?
55
Calculate the remainder when 228244 is divided by 70.
44
What is the remainder when 2876709 is divided by 6281?
11
What is the remainder when 9680918 is divided by 2?
0
Calculate the remainder when 3521417 is divided by 440143.
273
What is the remainder when 17064 is divided by 145?
99
What is the remainder when 5933063 is divided by 11476?
11447
What is the remainder when 3333326 is divided by 858?
854
Calculate the remainder when 854545 is divided by 18.
13
What is the remainder when 43898 is divided by 1371?
26
Calculate the remainder when 8052123 is divided by 7810.
13
Calculate the remainder when 936056505 is divided by 3268.
3265
Calculate the remainder when 931992 is divided by 3627.
3480
Calculate the remainder when 4390033 is divided by 139.
135
What is the remainder when 346657 is divided by 69?
1
Calculate the remainder when 618165 is divided by 79.
69
What is the remainder when 691230 is divided by 230404?
18
Calculate the remainder when 927434 is divided by 54.
38
What is the remainder when 176828 is divided by